35034?
3
What is the units digit of 36454856?
6
What is the hundred thousands digit of 49320609?
3
What is the millions digit of 3557268729?
7
What is the units digit of 93548781?
1
What is the hundreds digit of 186588688?
6
What is the ten thousands digit of 2687337771?
3
What is the tens digit of 1432306593?
9
What is the hundreds digit of 135500358?
3
What is the hundreds digit of 442524277?
2
What is the units digit of 294868454?
4
What is the ten millions digit of 1735535935?
3
What is the millions digit of 2871939697?
1
What is the units digit of 8834164330?
0
What is the hundred millions digit of 404506971?
4
What is the hundred thousands digit of 4148063998?
0
What is the hundred thousands digit of 50375526?
3
What is the hundreds digit of 37811201?
2
What is the tens digit of 829669470?
7
What is the units digit of 234026534?
4
What is the tens digit of 459904722?
2
What is the hundreds digit of 4544702680?
6
What is the millions digit of 4306050781?
6
What is the billions digit of 1882080573?
1
What is the tens digit of 99528816?
1
What is the millions digit of 4625507622?
5
What is the hundreds digit of 653213438?
4
What is the thousands digit of 113035432?
5
What is the ten millions digit of 4362689251?
6
What is the hundred thousands digit of 520781075?
7
What is the units digit of 482624152?
2
What is the hundreds digit of 574056273?
2
What is the tens digit of 68780481?
8
What is the tens digit of 2335523098?
9
What is the hundred thousands digit of 26113881?
1
What is the ten thousands digit of 2671116356?
1
What is the tens digit of 41192160?
6
What is the tens digit of 197312379?
7
What is the units digit of 47519063?
3
What is the hundred millions digit of 1567469920?
5
What is the ten thousands digit of 90052569?
5
What is the units digit of 15690037?
7
What is the hundred millions digit of 7543482482?
5
What is the hundred thousands digit of 5868966840?
9
What is the hundreds digit of 589944979?
9
What is the units digit of 399250426?
6
What is the units digit of 25595137?
7
What is the hundreds digit of 120173762?
7
What is the hundred thousands digit of 1181206595?
2
What is the tens digit of 653802332?
3
What is the ten thousands digit of 2736557310?
5
What is the thousands digit of 40232198?
2
What is the ten thousands digit of 62203607?
0
What is the ten millions digit of 6633605276?
3
What is the ten millions digit of 97639439?
9
What is the ten millions digit of 992790225?
9
What is the ten thousands digit of 90382011?
8
What is the millions digit of 3178928917?
8
What is the hundred millions digit of 159957136?
1
What is the thousands digit of 2221290445?
0
What is the ten thousands digit of 6202399?
0
What is the units digit of 143421766?
6
What is the tens digit of 379568571?
7
What is the ten thousands digit of 56016675?
1
What is the thousands digit of 1745146?
5
What is the hundred thousands digit of 19710172?
7
What is the ten millions digit of 12588399?
1
What is the tens digit of 36632677?
7
What is the tens digit of 1699408758?
5
What is the millions digit of 53599986?
3
What is the hundreds digit of 273413423?
4
What is the hundreds digit of 7407077?
0
What is the units digit of 183353510?
0
What is the hundred millions digit of 390322497?
3
What is the ten thousands digit of 50767011?
6
What is the units digit of 382400730?
0
What is the thousands digit of 29014246?
4
What is the ten thousands digit of 249726316?
2
What is the thousands digit of 39492511?
2
What is the tens digit of 159582926?
2
What is the millions digit of 6593087?
6
What is the tens digit of 1531252663?
6
What is the hundreds digit of 49897226?
2
What is the thousands digit of 33520973?
0
What is the hundred thousands digit of 296871812?
8
What is the thousands digit of 3158808826?
8
What is the units digit of 1921220835?
5
What is the units digit of 849321994?
4
What is the millions digit of 143425497?
3
What is the tens digit of 20264670?
7
What is the ten millions digit of 412007375?
1
What is the hundred thousands digit of 885765275?
7
What is the thousands digit of 155321331?
1
What is the ten millions digit of 346936595?
4
What is the units digit of 118966252?
2
What is the hundreds digit of 440982647?
6
What is the hundred millions digit of 2235771476?
2
What is the millions digit of 272056241?
2
What is the millions digit of 3467545521?
7
What is the millions digit of 40722130?
0
What is the units digit of 1194524859?
9
What is the units digit of 1207056768?
8
What is the millions digit of 116606062?
6
What is the hundred millions digit of 1276096621?
2
What is the units digit of 51228645?
5
What is the thousands digit of 205972460?
2
What is the ten thousands digit of 467515538?
1
What is the hundreds digit of 6728233?
2
What is the ten thousands digit of 466431348?
3
What is the ten thousands digit of 513673045?
7
What is the hundred thousands digit of 16619100?
6
What is the thousands digit of 30910972?
0
What is the tens digit of 30884744?
4
What is the units digit of 760071424?
4
What is the tens digit of 332425348?
4
What is the hundreds digit of 110016969?
9
What is the hundreds digit of 234423089?
0
What is the thousands digit of 354289?
4
What is the tens digit of 6557629?
2
What is the ten millions digit of 242157015?
4
What is the ten thousands digit of 140093927?
9
What is the ten millions digit of 934011639?
3
What is the units digit of 19270595?
5
What is the billions digit of 1044642425?
1
What is the tens digit of 1099822445?
4
What is the thousands digit of 164999916?
9
What is the ten millions digit of 169825974?
6
What is the ten thousands digit of 188128456?
2
What is the units digit of 25736545?
5
What is the thousands digit of 493073434?
3
What is the millions digit of 7089102743?
9
What is the hundred thousands digit of 8412099015?
0
What is the thousands digit of 1468326572?
6
What is the hundred thousands digit of 382004850?
0
What is the hundred thousands digit of 8670250?
6
What is the hundreds digit of 2018619788?
7
What is the billions digit of 5003793663?
5
What is the units digit of 385138580?
0
What is the hundred millions digit of 151329066?
1
What is the hundred thousands digit of 753034448?
0
What is the ten thousands digit of 427994344?
9
What is the hundred thousands digit of 214210585?
2
What is the hundred millions digit of 424340588?
4
What is the hundred thousands digit of 335568163?
5
What is the thousands digit of 1570920661?
0
What is the thousands digit of 1835051118?
1
What is the tens digit of 142869724?
2
What is the hundred thousands digit of 76051375?
0
What is the hundreds digit of 315213216?
2
What is the millions digit of 1792340427?
2
What is the ten thousands digit of 449746887?
4
What is the millions digit of 22194825?
2
What is the hundreds digit of 14456355?
3
What is the hundred thousands digit of 94477588?
4
What is the tens digit of 253385380?
8
What is the hundreds digit of 7421174?
1
What is the hundred thousands digit of 2510164443?
1
What is the ten thousands digit of 23143982?
4
What is the hundred millions digit of 147226471?
1
What is the ten thousands digit of 1640197200?
9
What is the ten thousands digit of 8705580?
0
What is the ten thousands digit of 14976215?
7
What is the tens digit of 3840131193?
9
What is the ten thousands digit of 85742539?
4
What is the ten millions digit of 609415319?
0
What is the units digit of 102875435?
5
What is the hundred millions digit of 173995198?
1
What is the hundred millions digit of 608738642?
6
What is the ten millions digit of 1919639910?
1
What is the ten millions digit of 2189089447?
8
What is the hundred thousands digit of 1044771?
0
What is the millions digit of 28440159?
8
What is the hundreds digit of 250762327?
3
What is the ten millions digit of 16806002?
1
What is the units digit of 1832194972?
2
What is the units digit of 1207411206?
6
What is the units digit of 33004660?
0
What is the tens digit of 141891200?
0
What is the millions digit of 5551091152?
1
What is the units digit of 1386530816?
6
What is the ten millions digit of 379887679?
7
What is the hundred thousands digit of 37723202?
7
What is the thousands digit of 181517818?
7
What is the hundred thousands digit of 52979994?
9
What is the milli